{"id":46545,"date":"2022-04-24T19:40:39","date_gmt":"2022-04-24T22:40:39","guid":{"rendered":"https:\/\/cbl.org.br\/?post_type=saiu_na_midia&#038;p=46545"},"modified":"2022-08-11T12:11:34","modified_gmt":"2022-08-11T15:11:34","slug":"ignacio-de-loyola-brandao-sera-homenageado-no-premio-jabuti","status":"publish","type":"saiu_na_midia","link":"https:\/\/www.cbl.org.br\/en\/saiu_na_midia\/ignacio-de-loyola-brandao-sera-homenageado-no-premio-jabuti\/","title":{"rendered":"Ign\u00e1cio de Loyola Brand\u00e3o ser\u00e1 homenageado no Pr\u00eamio Jabuti"},"content":{"rendered":"","protected":false},"featured_media":0,"template":"","class_list":["post-46545","saiu_na_midia","type-saiu_na_midia","status-publish","hentry"],"acf":[],"_links":{"self":[{"href":"https:\/\/www.cbl.org.br\/en\/wp-json\/wp\/v2\/saiu_na_midia\/46545","targetHints":{"allow":["GET"]}}],"collection":[{"href":"https:\/\/www.cbl.org.br\/en\/wp-json\/wp\/v2\/saiu_na_midia"}],"about":[{"href":"https:\/\/www.cbl.org.br\/en\/wp-json\/wp\/v2\/types\/saiu_na_midia"}],"wp:attachment":[{"href":"https:\/\/www.cbl.org.br\/en\/wp-json\/wp\/v2\/media?parent=46545"}],"curies":[{"name":"wp","href":"https:\/\/api.w.org\/{rel}","templated":true}]}}

Ignácio de Loyola Brandão será homenageado no Prêmio Jabuti
